 -q**4/12 + 7*q**3/6 + 3*q**2/2 - 2*q. Let p be 1/(((-245)/(-42))/35). What is n(p)?
9
Let m(l) = l**3 + l**2 + l + 1. Let q be (10/8 - 2) + (-1)/4. Calculate m(q).
0
Let g(o) = 2*o + 2. Let v be g(0). Let k(m) = 4*m**2 + 2*m - 3. Give k(v).
17
Suppose 4 = 16*c + 116. Let h(o) = -o**2 - 4*o + 9. Calculate h(c).
-12
Let l(m) = -m**2 - 2*m + 3. Let c be 6*-2*(-22)/44. Suppose 3*d - 12 = c*d. Determine l(d).
-5
Let w(o) be the first derivative of -o**4/4 + o**3 + o**2 + 4*o + 3. Suppose 90*h = -2*x + 89*h + 8, 4*x + 5*h - 16 = 0. Give w(x).
-4
Let b(w) = 5*w**3 - 9*w**2 + 10*w + 1. Let i(s) = -11*s**3 + 18*s**2 - 20*s - 3. Let l(j) = -9*b(j) - 4*i(j). Give l(7).
31
Let q(w) = -2*w**2 + 17*w - 23. Let d(m) = -m**2 + 9*m - 13. Let s(f) = 7*d(f) - 4*q(f). What is s(6)?
7
Let v(s) = s**3 - 3*s - 1. Let b be (0 - -2 - -2)/(-2*1). What is v(b)?
-3
Suppose 0 = 6*s - 10*s + 12. Suppose -3*a - z + 48 = 2*z, 0 = -z + s. Let w(n) = 8*n - a*n + 7*n + 6. Give w(-5).
-4
Suppose -5*y + 82 = -8. Let o(m) = -y + 40 - 14 - m. Suppose 0 = 5*r - 2*j - 20, 2*j = 7*j. Determine o(r).
4
Let a(d) = d**3 - 4*d**2 + 3*d - 2. Let j be a(4). Let z(v) = 2 + j*v - 13*v - 4*v**2 - v**3 + 9*v. Determine z(-5).
-3
Let s(b) be the second derivative of b**8/6720 - b**7/360 - b**6/240 + 7*b**5/120 - 7*b**4/6 - 12*b. Let q(a) be the third derivative of s(a). Determine q(7).
-14
Let p(i) = -i**3 + 5*i**2 + 3*i - 2. Let k be 6/48 + (-507)/(-104). Determine p(k).
13
Let n(w) = -9 - 3 - 8 - 9 - 12*w**3 + 30. Calculate n(-1).
13
Suppose 126 = 83*x - 40. Let d(h) = 3*h - 2. Calculate d(x).
4
Let z(x) = 13*x - 14. Let o(a) = -2*a. Let i(q) = 6*o(q) + z(q). Determine i(8).
-6
Suppose 15 = 3*g - 5*w, -4*g = w + 1 + 2. Let j(k) = -k + 8 - 2 + 0*k. Calculate j(g).
6
Let x(c) be the third derivative of c**8/6720 - c**6/720 - 7*c**5/120 + c**4/6 + 4*c**2. Let t(o) be the second derivative of x(o). Determine t(0).
-7
Let t(o) be the third derivative of -o**6/120 + 13*o**5/60 + o**4/12 - 4*o**3 - 5*o**2 + 15. Calculate t(13).
2
Let s be 12/54 + -2 + 97/9. Let q(d) = d - 2. Calculate q(s).
7
Let c(u) = -4 - 8*u + 16*u + 3*u + u**2 - 11*u. What is c(2)?
0
Let v(r) = r**3 + 5*r**2 + 5*r + 2. Let w be v(-3). Suppose 4*g + 3*c + 11 = 0, -9 = -0*g + w*g - c. Let t(b) = 4*b + 2. What is t(g)?
-6
Let z(l) be the third derivative of -l**4/24 + 2*l**3/3 - 61*l**2. What is z(12)?
-8
Let m(o) = 4*o**2 + 35*o - 20. Let b be m(-9). Let r(w) = w**3 + 11*w**2 + w + 14. Determine r(b).
3
Let p(t) be the first derivative of -t + 1/2*t**2 - 17. Suppose -3 = -3*c - 0. What is p(c)?
0
Let o(f) = 2*f. Let a(n) = n**3 - 5*n**2 - 6*n - 3. Suppose 2*b + 2*v - 3*v = 14, -16 = -b + 5*v. Let z be a(b). What is o(z)?
-6
Let z be (-6 - 0)*(-123)/2952. Let t(l) be the first derivative of -2*l + l**3 + 1/2*l**2 + z*l**4 + 12. What is t(-3)?
-5
Let x(w) = w**3 - 6*w**2 - 9*w + 5. Suppose -2*t = 4*n - 18, -29 = -4*n + 2*n + 3*t. Calculate x(n).
-9
Let b be (37 - -2) + (-1 - 3/3). Let h(a) = -76 - 4*a + 37 + b - 3*a**2. Calculate h(-2).
-6
Let l(u) = -u**3 - 2*u**2 - 4*u + 3. Let o(d) = d**3 + 4*d**2 + 5*d - 4. Let p(k) = 3*l(k) + 2*o(k). Suppose -y = -0*y - 5. Suppose 6 = y*n - 3*n. What is p(n)?
-14
Let w(f) = 6*f - 4. Let o(k) = 13*k - 9. Let l(i) = 4*o(i) - 9*w(i). Suppose 2*m + 2*m + 62 = 3*z, 2*z = -4*m + 28. Let q = 17 - z. Give l(q).
2
Suppose 2*x = -3*x - 25. Let g be -3*(x/(-15) - 1). Let t(o) = o**3 - 3*o + 1 + o - o + g*o. Give t(0).
1
Let c(l) be the second derivative of -l**5/10 + l**4/3 - l**3/3 - l**2 - 20*l. Suppose 2*n - 31 = -27. Calculate c(n).
-6
Let n be -2*(2 - 20/8). Let p be (-15)/5*(4/6 - n). Let y(b) be the second derivative of -3*b**4/4 + b**2/2 - b. Give y(p).
-8
Suppose -4*u + 5*j = 2*j + 23, 0 = -3*j + 15. Let c = 46 + -46. Let l(z) = -4*z + 42 - 3*z**2 + c*z - 44. Determine l(u).
-6
Let s(c) = -2*c + 0*c + 9*c + 28 - 5*c - 23. What is s(8)?
21
Suppose 6*p = -5*o + p - 10, 4*o = p + 12. Let n = 14 - -11. Suppose n = o*u + 3*u. Let i(f) = f + 2. Calculate i(u).
7
Let x(t) = -t**3 - 2*t**2 + 6*t - 5. Suppose 0 = -0*h + 5*h - 85. Let o(z) = -4*z**3 - 6*z**2 + 17*z - 14. Let q(g) = h*x(g) - 6*o(g). What is q(-1)?
-6
Let t(b) = -b - 6. Let v = 517 - 513. Determine t(v).
-10
Let h(y) be the third derivative of -y**6/120 + y**5/20 - y**4/24 + y**3/6 + y**2 - 4*y. Let s(r) = r. Let b be 5/(10/(-4)) + 4. Let m be s(b). Determine h(m).
3
Let s(y) be the third derivative of 1/60*y**5 + 0*y + 9*y**2 + 1/6*y**3 + 1/24*y**4 + 0. Suppose 0 = 3*v + 3. Give s(v).
1
Let h(b) = 14*b**2 + 1. Let w(g) = -6*g**2 - g. Let y(s) = h(s) + 2*w(s). Let k(v) = v + 8. Let x be k(-6). What is y(x)?
5
Suppose -6*t = -2*t. Suppose -5*k = 20, 2*d + k = -0*k + 2. Let p(v) = 6*v**3 - v - 5*v**3 + 1 - v**2 - d. Determine p(t).
-2
Let r = 81 - 76. Let g(z) = -6*z**3 + 5*z**2 + 4*z + 3. Let b(a) be the first derivative of a**4/4 - a**2/2 - a - 3. Let j(y) = 5*b(y) + g(y). Give j(r).
-7
Let h(f) be the first derivative of f**3 + f**2 - f - 12. Let n = -78 + 76. Calculate h(n).
7
Let r(d) = -d**2 - 1. Let k(t) = 3*t**2 + t + 8. Let o(u) = -k(u) - 2*r(u). Let h(l) be the first derivative of o(l). Determine h(3).
-7
Let p(d) = -d**2 - 10*d - 2. Suppose -11*c + 60 + 50 = 0. Suppose 7*t = -c - 60. What is p(t)?
-2
Let o(c) = c**3 + 3*c**2 - c - 1. Suppose 2*z - 4*l = -9*l + 3, -3*z + 4*l = -16. Suppose -19 = 5*g - h, -8*h = -g - z*h - 19. What is o(g)?
2
Let p(t) = t**2 + 6*t + 6. Suppose 10*q = 11*q + 5. Give p(q).
1
Let q(w) = w - 28 + 10 + 23. What is q(-3)?
2
Let v be 2/(2*3/(-6)). Let p(r) = -r**3 - 9*r**2 - 10*r - 14. Let k be p(-8). Let n(x) = 9*x - x**k - 18*x + 6*x + 5*x + 3. Determine n(v).
-5
Let n(g) = -2*g**3 - 19*g**2 + 8*g - 12. Let c(k) = k**3 - 16*k**2 + 37*k + 16. Let l be c(13). Let w be n(l). Let i(h) = h**2 - 7*h. What is i(w)?
8
Let u(h) = -30*h - 2. Suppose 0 = -3*v - 12, 0 = f - 4*v - 0*v - 14. Determine u(f).
58
Let s(i) = 4*i + 1. Let q(v) = -23*v - 3. Let u(r) = -q(r) - 6*s(r). Calculate u(3).
-6
Let k(g) = -3*g. Suppose -3 + 13 = 5*i. Let u(s) = -s**2 - 22*s - 40. Let t be u(-20). Suppose -2 = p - i*v, t*p - 5*v + 7 = -3*p. What is k(p)?
12
Let q = -5 + 8. Suppose 3*b - 5*c - 27 = 0, b + b = 5*c + 23. Let s(n) = 2*n + 0*n - b*n + n**2 - q*n - 1. Give s(4).
-5
Let p = 6 - 3. Suppose w + 2 = p. Suppose -w + 3 = -s. Let r(d) = -d**2 + d + 1. Give r(s).
-5
Let g(h) = 9*h**2 + 15*h + 13. Let k(x) = 31*x**2 + 46*x + 37. Let w(f) = 7*g(f) - 2*k(f). Determine w(-14).
31
Let q be -1 - (2 - (4 + 1)). Let l(d) = -2*d + d - 1 - q. Suppose 2 = 15*j - 13*j, -2*u - 10 = 2*j. Calculate l(u).
3
Let h(i) be the second derivative of i**5/20 - i**4/2 - 2*i**3/3 - 3*i**2/2 - 8*i - 3. Give h(7).
18
Let w(g) = 7*g - 9 + 1 + 9. Suppose 0 = -4*v + 8, 0 = 2*b + b + 4*v - 5. What is w(b)?
-6
Let m(n) = -4*n**2 - n - 34 - 2*n + 31. Determine m(-2).
-13
Let j = 2729 + -2725. Let n(f) be the first derivative of -f**3/3 + 3*f**2/2 + 2*f - 1. What is n(j)?
-2
Let m = 23 - -9. Suppose 53*n - 24 = 47*n. Let c(f) = -32 - n*f + m. Give c(2).
-8
Let c be (-6)/(-7) - (-7)/49. Let a be 22 - (-6)/2*c. Suppose 29*r = a*r - 24. Let l(z) = z**2 + 8*z + 9. What is l(r)?
-3
Suppose -6 - 17 = p + 5*u, 0 = 3*p + 5*u + 29. Let d(f) be the third derivative of -f**4/12 - f**3/3 + 3*f**2. What is d(p)?
4
Let c(f) = f - 3. Let x be c(3). Suppose x = -2*k - 6 + 8. Let a(s) = 12 - 13*s - 8 + s - 3. What is a(k)?
-11
Let n be 0 - -1 - 5 - 2. Let p(k) = k**2 + 8*k + 12. Give p(n).
0
Let r(y) = -4 - 13*y - 3*y**3 - 4*y**2 + 25*y + 4*y**3 - 16*y. Let a(w) = 3*w - 3. Let j be a(1). Let k(l) = -l**2 + l + 5. Let i be k(j). Give r(i).
1
Let g be -27 - (-10 - -4 - -3). Let r be (-2 + -1)*16/g. Suppose -r*l - 3*u + 12 = -5*l, 18 = -4*l + 2*u. Let w(p) = -2*p - 7. Give w(l).
3
Suppose w - 2 = 0, 5*o + w = -6 - 2. Let n be (6/4)/(o/(-8)*-1). Let i(s) be the first derivative of -s**4/4 - 2*s**3 + s**2/2 + 2*s + 2. What is i(n)?
-4
Let d(r) = -27*r**2 + 13*r + 41*r**2 - 12*r - 20*r**2 + 2. What is d(-2)?
-24
Let r(w) = 2*w**2 - 2*w - 5. Let z(b) = 4*b**2 - 2*b - 10. Let h(f) = -5*r(f) + 2*z(f). Calculate h(5).
-15
Let x(m) = 0*m + 0 - 19*m**3 + 1 + 991*m**2 - m - 991*m**2. What is x(1)?
-19
Let x(z) = 27*z - 5 + 4 - 1 + 1 - 3. Give x(1).
23
Let c(x) = 9*x + 46. Let p(b) = -b - 9